{"id":1025,"date":"2016-11-21T15:27:10","date_gmt":"2016-11-21T15:27:10","guid":{"rendered":"https:\/\/xml-io.proteusthemes.com\/consulting\/?page_id=7"},"modified":"2023-04-16T19:27:49","modified_gmt":"2023-04-16T19:27:49","slug":"home","status":"publish","type":"page","link":"https:\/\/www.wegieleko.pl\/","title":{"rendered":"Strona g\u0142\u00f3wna"},"content":{"rendered":"<div id=\"pl-1025\"  class=\"panel-layout\" ><div id=\"pg-1025-0\"  class=\"panel-grid panel-no-style\" ><div id=\"pgc-1025-0-0\"  class=\"panel-grid-cell\" ><div id=\"panel-1025-0-0-0\" class=\"so-panel widget widget_sow-features panel-first-child panel-last-child\" data-index=\"0\" ><div class=\"panel-widget-style panel-widget-style-for-1025-0-0-0\" ><div class=\"so-widget-sow-features so-widget-sow-features-default-94108c17bf97-1025\">\n<div class=\"sow-features-list sow-features-responsive\">\n\n\t\t\t\n\t\t\t<div class=\"sow-features-feature sow-icon-container-position-top sow-features-feature-last-row\" style=\"width: 100%\">\n\n\t\t\t\t\t\t\t\t<div\n\t\t\t\t\tclass=\"sow-icon-container sow-container-none\"\n                    style=\"color: #404040; \"\n\t\t\t\t\t>\n\t\t\t\t\t<div class=\"sow-icon-image\" style=\"background-image: url(https:\/\/www.wegieleko.pl\/wp-content\/uploads\/2021\/06\/jakosc2.svg); font-size: 110px\"><\/div>\t\t\t\t<\/div>\n\t\t\t\t\n\t\t\t\t<div class=\"textwidget\">\n\t\t\t\t\t\t\t\t\t\t\t<h5>\n\t\t\t\t\t\t\t\t\t\t\t\t\t\tGwarantowana najwy\u017csza jako\u015b\u0107\t\t\t\t\t\t\t\t\t\t\t\t\t<\/h5>\n\t\t\t\t\t\n\t\t\t\t\t\t\t\t\t\t\t<p>Produkuj\u0105c kot\u0142y oraz pompy ciep\u0142a wykorzystujemy najlepsze materia\u0142y oraz nowoczesne technologie.<\/p>\n\t\t\t\t\t\n\t\t\t\t\t\t\t\t\t<\/div>\n\t\t\t<\/div>\n\n\t\t\t\n<\/div>\n<\/div><\/div><\/div><\/div><div id=\"pgc-1025-0-1\"  class=\"panel-grid-cell\" ><div id=\"panel-1025-0-1-0\" class=\"so-panel widget widget_sow-features panel-first-child panel-last-child\" data-index=\"1\" ><div class=\"panel-widget-style panel-widget-style-for-1025-0-1-0\" ><div class=\"so-widget-sow-features so-widget-sow-features-default-94108c17bf97-1025\">\n<div class=\"sow-features-list sow-features-responsive\">\n\n\t\t\t\n\t\t\t<div class=\"sow-features-feature sow-icon-container-position-top sow-features-feature-last-row\" style=\"width: 100%\">\n\n\t\t\t\t\t\t\t\t<div\n\t\t\t\t\tclass=\"sow-icon-container sow-container-none\"\n                    style=\"color: #404040; \"\n\t\t\t\t\t>\n\t\t\t\t\t<div class=\"sow-icon-image\" style=\"background-image: url(https:\/\/www.wegieleko.pl\/wp-content\/uploads\/2021\/06\/oferta1.svg); font-size: 110px\"><\/div>\t\t\t\t<\/div>\n\t\t\t\t\n\t\t\t\t<div class=\"textwidget\">\n\t\t\t\t\t\t\t\t\t\t\t<h5>\n\t\t\t\t\t\t\t\t\t\t\t\t\t\tZr\u00f3\u017cnicowana oferta\t\t\t\t\t\t\t\t\t\t\t\t\t<\/h5>\n\t\t\t\t\t\n\t\t\t\t\t\t\t\t\t\t\t<p>Chc\u0105c sprosta\u0107 oczekiwaniom Klient\u00f3w zadbali\u015bmy o bogaty asortyment produkt\u00f3w, dopasowany do r\u00f3\u017cnorodnych wymaga\u0144.<\/p>\n\t\t\t\t\t\n\t\t\t\t\t\t\t\t\t<\/div>\n\t\t\t<\/div>\n\n\t\t\t\n<\/div>\n<\/div><\/div><\/div><\/div><\/div><div id=\"pg-1025-1\"  class=\"panel-grid panel-no-style\" ><div id=\"pgc-1025-1-0\"  class=\"panel-grid-cell\" ><div id=\"panel-1025-1-0-0\" class=\"so-panel widget widget_sow-features panel-first-child panel-last-child\" data-index=\"2\" ><div class=\"panel-widget-style panel-widget-style-for-1025-1-0-0\" ><div class=\"so-widget-sow-features so-widget-sow-features-default-94108c17bf97-1025\">\n<div class=\"sow-features-list sow-features-responsive\">\n\n\t\t\t\n\t\t\t<div class=\"sow-features-feature sow-icon-container-position-top sow-features-feature-last-row\" style=\"width: 100%\">\n\n\t\t\t\t\t\t\t\t<div\n\t\t\t\t\tclass=\"sow-icon-container sow-container-none\"\n                    style=\"color: #404040; \"\n\t\t\t\t\t>\n\t\t\t\t\t<div class=\"sow-icon-image\" style=\"background-image: url(https:\/\/www.wegieleko.pl\/wp-content\/uploads\/2021\/06\/doradztwo1.svg); font-size: 110px\"><\/div>\t\t\t\t<\/div>\n\t\t\t\t\n\t\t\t\t<div class=\"textwidget\">\n\t\t\t\t\t\t\t\t\t\t\t<h5>\n\t\t\t\t\t\t\t\t\t\t\t\t\t\tKompleksowe doradztwo\t\t\t\t\t\t\t\t\t\t\t\t\t<\/h5>\n\t\t\t\t\t\n\t\t\t\t\t\t\t\t\t\t\t<p>Wszystkim osob\u0105 zainteresowanym nasz\u0105 ofert\u0105 s\u0142u\u017cymy fachowym doradztwem w kwestii doboru optymalnych rozwi\u0105za\u0144. <\/p>\n\t\t\t\t\t\n\t\t\t\t\t\t\t\t\t<\/div>\n\t\t\t<\/div>\n\n\t\t\t\n<\/div>\n<\/div><\/div><\/div><\/div><div id=\"pgc-1025-1-1\"  class=\"panel-grid-cell\" ><div id=\"panel-1025-1-1-0\" class=\"so-panel widget widget_sow-features panel-first-child panel-last-child\" data-index=\"3\" ><div class=\"panel-widget-style panel-widget-style-for-1025-1-1-0\" ><div class=\"so-widget-sow-features so-widget-sow-features-default-94108c17bf97-1025\">\n<div class=\"sow-features-list sow-features-responsive\">\n\n\t\t\t\n\t\t\t<div class=\"sow-features-feature sow-icon-container-position-top sow-features-feature-last-row\" style=\"width: 100%\">\n\n\t\t\t\t\t\t\t\t<div\n\t\t\t\t\tclass=\"sow-icon-container sow-container-none\"\n                    style=\"color: #404040; \"\n\t\t\t\t\t>\n\t\t\t\t\t<div class=\"sow-icon-image\" style=\"background-image: url(https:\/\/www.wegieleko.pl\/wp-content\/uploads\/2021\/06\/serwis2.svg); font-size: 110px\"><\/div>\t\t\t\t<\/div>\n\t\t\t\t\n\t\t\t\t<div class=\"textwidget\">\n\t\t\t\t\t\t\t\t\t\t\t<h5>\n\t\t\t\t\t\t\t\t\t\t\t\t\t\tProfesjonalny serwis\t\t\t\t\t\t\t\t\t\t\t\t\t<\/h5>\n\t\t\t\t\t\n\t\t\t\t\t\t\t\t\t\t\t<p>Naszym Klientom zapewniamy tak\u017ce profesjonalne us\u0142ugi serwisowe w zakresie rozruchu, przegl\u0105d\u00f3w oraz usuwania awarii.<\/p>\n\t\t\t\t\t\n\t\t\t\t\t\t\t\t\t<\/div>\n\t\t\t<\/div>\n\n\t\t\t\n<\/div>\n<\/div><\/div><\/div><\/div><\/div><div id=\"pg-1025-2\"  class=\"panel-grid panel-no-style\" ><div id=\"pgc-1025-2-0\"  class=\"panel-grid-cell\" ><div id=\"panel-1025-2-0-0\" class=\"so-panel widget widget_sow-editor panel-first-child panel-last-child\" data-index=\"4\" ><div class=\"so-widget-sow-editor so-widget-sow-editor-base\">\n<div class=\"siteorigin-widget-tinymce textwidget\">\n\t<h1 style=\"text-align: center;\">Pompy ciep\u0142a - kt\u00f3r\u0105 wybra\u0107 w 2023 roku?<\/h1>\n<p><a href=\"https:\/\/www.hkslazar.pl\/pompy-ciepla\"><img loading=\"lazy\" decoding=\"async\" class=\"wp-image-1261 size-full aligncenter\" src=\"https:\/\/www.wegieleko.pl\/wp-content\/uploads\/2022\/10\/HTi20-980x120px-zaplecze.jpg\" alt=\"\" width=\"980\" height=\"120\" srcset=\"https:\/\/www.wegieleko.pl\/wp-content\/uploads\/2022\/10\/HTi20-980x120px-zaplecze.jpg 980w, https:\/\/www.wegieleko.pl\/wp-content\/uploads\/2022\/10\/HTi20-980x120px-zaplecze-300x37.jpg 300w, https:\/\/www.wegieleko.pl\/wp-content\/uploads\/2022\/10\/HTi20-980x120px-zaplecze-768x94.jpg 768w\" sizes=\"auto, (max-width: 980px) 100vw, 980px\" \/><\/a><\/p>\n<\/div>\n<\/div><\/div><\/div><\/div><div id=\"pg-1025-3\"  class=\"panel-grid panel-has-style\" ><div class=\"siteorigin-panels-stretch panel-row-style panel-row-style-for-1025-3\" data-stretch-type=\"full\" ><div id=\"pgc-1025-3-0\"  class=\"panel-grid-cell\" ><div id=\"panel-1025-3-0-0\" class=\"so-panel widget widget_sow-editor panel-first-child\" data-index=\"5\" ><div class=\"so-widget-sow-editor so-widget-sow-editor-base\">\n<div class=\"siteorigin-widget-tinymce textwidget\">\n\t<h2><span style=\"color: #ffffff;\">Opinie o pompach i piecach na pellet<\/span><\/h2>\n<\/div>\n<\/div><\/div><div id=\"panel-1025-3-0-1\" class=\"so-panel widget widget_pw_testimonials widget-testimonials panel-last-child\" data-index=\"6\" >\n\t<div class=\"testimonials__container\">\n\n\t<h3 class=\"widget-title\"><span class=\"widget-title__inline\"><\/span><\/h3>\n\t\t<div id=\"carousel-testimonials-widget-3-0-1\" class=\"carousel  slide  testimonials\" data-ride=\"carousel\" data-interval=\"false\">\n\t\t\t<!-- Wrapper for slides -->\n\t\t\t<div class=\"carousel-inner\" role=\"listbox\">\n\t\t\t\t<div class=\"carousel-item active\">\n\t\t\t\t\t<div class=\"row\">\n\t\t\t\t\t\t\t\t\t\t\t\t\t<div class=\"col-xs-12  col-md-12\">\n\t\t\t\t\t\t\t\t<div class=\"testimonial\">\n\t\t\t\t\t\t\t\t\t<blockquote class=\"testimonial__quote\">\n\t\t\t\t\t\t\t\t\t\tOtwarcie przyznaj\u0119, \u017ce kot\u0142y na pellet od tej firmy to urz\u0105dzenia najwy\u017cszej jako\u015bci. Ponadto doradztwo i obs\u0142uga na doskona\u0142ym poziomie. Serdecznie polecam i dzi\u0119kuj\u0119, poniewa\u017c kocio\u0142, na kt\u00f3ry si\u0119 zdecydowa\u0142em pracuje bez zarzutu.\t\t\t\t\t\t\t\t\t<\/blockquote>\n\t\t\t\t\t\t\t\t\t<div class=\"testimonial__author-container\">\n\t\t\t\t\t\t\t\t\t\t\t\t\t\t\t\t\t\t\t\t<div class=\"testimonial__author-info\">\n\t\t\t\t\t\t\t\t\t\t\t<!-- Author Name -->\n\t\t\t\t\t\t\t\t\t\t\t<cite class=\"h6  testimonial__author\">\n\t\t\t\t\t\t\t\t\t\t\t\tPiotr\t\t\t\t\t\t\t\t\t\t\t<\/cite>\n\t\t\t\t\t\t\t\t\t\t\t<!-- Author Description -->\n\t\t\t\t\t\t\t\t\t\t\t\t\t\t\t\t\t\t\t\t\t\t\t<div class=\"testimonial__author-description\">\n\t\t\t\t\t\t\t\t\t\t\t\t\tKatowice\t\t\t\t\t\t\t\t\t\t\t\t<\/div>\n\t\t\t\t\t\t\t\t\t\t\t\t\t\t\t\t\t\t\t\t\t<\/div>\n\t\t\t\t\t\t\t\t\t<\/div>\n\t\t\t\t\t\t\t\t\t<!-- Ratings -->\n\t\t\t\t\t\t\t\t\t\t\t\t\t\t\t\t\t<\/div>\n\t\t\t\t\t\t\t<\/div>\n\t\t\t\t\t\t<\/div><\/div> <div class=\"carousel-item\"><div class=\"row\">\t\t\t\t\t\t\t<div class=\"col-xs-12  col-md-12\">\n\t\t\t\t\t\t\t\t<div class=\"testimonial\">\n\t\t\t\t\t\t\t\t\t<blockquote class=\"testimonial__quote\">\n\t\t\t\t\t\t\t\t\t\tPompa ciep\u0142a HT 10, kt\u00f3r\u0105 zakupi\u0142em sprawdza si\u0119 ju\u017c od dw\u00f3ch lat znakomicie. Lepszego sprz\u0119tu nie mog\u0142em chyba wybra\u0107 i tym bardziej dzi\u0119kuj\u0119 za pomoc w podj\u0119ciu decyzji oraz przedstawienie mi wszystkich atut\u00f3w tego modelu. Polecam serdecznie!\t\t\t\t\t\t\t\t\t<\/blockquote>\n\t\t\t\t\t\t\t\t\t<div class=\"testimonial__author-container\">\n\t\t\t\t\t\t\t\t\t\t\t\t\t\t\t\t\t\t\t\t<div class=\"testimonial__author-info\">\n\t\t\t\t\t\t\t\t\t\t\t<!-- Author Name -->\n\t\t\t\t\t\t\t\t\t\t\t<cite class=\"h6  testimonial__author\">\n\t\t\t\t\t\t\t\t\t\t\t\tAdam\t\t\t\t\t\t\t\t\t\t\t<\/cite>\n\t\t\t\t\t\t\t\t\t\t\t<!-- Author Description -->\n\t\t\t\t\t\t\t\t\t\t\t\t\t\t\t\t\t\t\t\t\t\t\t<div class=\"testimonial__author-description\">\n\t\t\t\t\t\t\t\t\t\t\t\t\tCz\u0119stochowa\t\t\t\t\t\t\t\t\t\t\t\t<\/div>\n\t\t\t\t\t\t\t\t\t\t\t\t\t\t\t\t\t\t\t\t\t<\/div>\n\t\t\t\t\t\t\t\t\t<\/div>\n\t\t\t\t\t\t\t\t\t<!-- Ratings -->\n\t\t\t\t\t\t\t\t\t\t\t\t\t\t\t\t\t<\/div>\n\t\t\t\t\t\t\t<\/div>\n\t\t\t\t\t\t<\/div><\/div> <div class=\"carousel-item\"><div class=\"row\">\t\t\t\t\t\t\t<div class=\"col-xs-12  col-md-12\">\n\t\t\t\t\t\t\t\t<div class=\"testimonial\">\n\t\t\t\t\t\t\t\t\t<blockquote class=\"testimonial__quote\">\n\t\t\t\t\t\t\t\t\t\tWraz z m\u0119\u017cem zakupili\u015bmy kocio\u0142 na pellet, model SmartFire Compact 15 o poj. 50 litr\u00f3w i urz\u0105dzenie pracuje jak nale\u017cy, i jak obiecywali pracownicy firmy jest w zasadzie bezobs\u0142ugowe. Jeste\u015bmy bardzo zadowoleni. Musz\u0119 r\u00f3wnie\u017c podkre\u015bli\u0107 mi\u0142\u0105 obs\u0142ug\u0119, konkretne doradztwo i terminowo\u015b\u0107.\t\t\t\t\t\t\t\t\t<\/blockquote>\n\t\t\t\t\t\t\t\t\t<div class=\"testimonial__author-container\">\n\t\t\t\t\t\t\t\t\t\t\t\t\t\t\t\t\t\t\t\t<div class=\"testimonial__author-info\">\n\t\t\t\t\t\t\t\t\t\t\t<!-- Author Name -->\n\t\t\t\t\t\t\t\t\t\t\t<cite class=\"h6  testimonial__author\">\n\t\t\t\t\t\t\t\t\t\t\t\tKatarzyna\t\t\t\t\t\t\t\t\t\t\t<\/cite>\n\t\t\t\t\t\t\t\t\t\t\t<!-- Author Description -->\n\t\t\t\t\t\t\t\t\t\t\t\t\t\t\t\t\t\t\t\t\t\t\t<div class=\"testimonial__author-description\">\n\t\t\t\t\t\t\t\t\t\t\t\t\tO\u015bwi\u0119cim\t\t\t\t\t\t\t\t\t\t\t\t<\/div>\n\t\t\t\t\t\t\t\t\t\t\t\t\t\t\t\t\t\t\t\t\t<\/div>\n\t\t\t\t\t\t\t\t\t<\/div>\n\t\t\t\t\t\t\t\t\t<!-- Ratings -->\n\t\t\t\t\t\t\t\t\t\t\t\t\t\t\t\t\t<\/div>\n\t\t\t\t\t\t\t<\/div>\n\t\t\t\t\t\t\t\t\t\t\t<\/div>\n\t\t\t\t<\/div>\n\t\t\t<\/div>\n\t\t<\/div>\n\n\t\t<div class=\"testimonial__carousel-container\">\n\t\t\t\t\t\t\t<a class=\"testimonial__carousel  testimonial__carousel--left\" href=\"#carousel-testimonials-widget-3-0-1\" data-slide=\"prev\"><i class=\"fa  fa-long-arrow-left\" aria-hidden=\"true\"><\/i><span class=\"sr-only\" role=\"button\">Nast\u0119pne<\/span><\/a>\n\t\t\t\n\t\t\t\t\t\t\t<a class=\"testimonial__carousel  testimonial__carousel--right\" href=\"#carousel-testimonials-widget-3-0-1\" data-slide=\"next\"><i class=\"fa  fa-long-arrow-right\" aria-hidden=\"true\"><\/i><span class=\"sr-only\" role=\"button\">Poprzednie<\/span><\/a>\n\t\t\t\t\t<\/div>\n\n\t<\/div>\n\n<\/div><\/div><\/div><\/div><div id=\"pg-1025-4\"  class=\"panel-grid panel-no-style\" ><div id=\"pgc-1025-4-0\"  class=\"panel-grid-cell\" ><div id=\"panel-1025-4-0-0\" class=\"so-panel widget widget_sow-editor panel-first-child panel-last-child\" data-index=\"7\" ><div class=\"so-widget-sow-editor so-widget-sow-editor-base\">\n<div class=\"siteorigin-widget-tinymce textwidget\">\n\t<h2>Zapraszamy do lektury naszego poradnika<\/h2>\n<\/div>\n<\/div><\/div><\/div><\/div><div id=\"pg-1025-5\"  class=\"panel-grid panel-no-style\" ><div id=\"pgc-1025-5-0\"  class=\"panel-grid-cell\" ><div id=\"panel-1025-5-0-0\" class=\"so-panel widget widget_pw_latest_news widget-latest-news panel-first-child panel-last-child\" data-index=\"8\" >\n\t\t\t\t\t\t<div class=\"latest-news  latest-news--block\">\n\t\t\t\t\t\t\t\t\t<a href=\"https:\/\/www.wegieleko.pl\/index.php\/2022\/10\/24\/parametry-cop-scop-spf-co-oznaczaja-i-na-co-zwrocic-uwage\/\" class=\"latest-news__image-link\">\n\t\t\t\t\t\t<img loading=\"lazy\" decoding=\"async\" src=\"https:\/\/www.wegieleko.pl\/wp-content\/uploads\/2022\/10\/pompy-ciepla-w-domu-245x139.jpg\" width=\"245\" height=\"139\" srcset=\"https:\/\/www.wegieleko.pl\/wp-content\/uploads\/2022\/10\/pompy-ciepla-w-domu-245x139.jpg 245w, https:\/\/www.wegieleko.pl\/wp-content\/uploads\/2022\/10\/pompy-ciepla-w-domu.jpg 922w\" sizes=\"auto, (min-width: 1200px) 245px, (min-width: 992px) 200px, (min-width: 768px) 690px, (min-width: 576px) 510px, calc(100vw - 30px)\" class=\"latest-news__image  wp-post-image\" alt=\"Parametry COP, SCOP, SPF - co oznaczaj\u0105 i na co zwr\u00f3ci\u0107 uwag\u0119?\">\n\t\t\t\t\t<\/a>\n\t\t\t\t\n\t\t\t\t<div class=\"latest-news__content\">\n\t\t\t\t\t<time class=\"latest-news__date\" datetime=\"2022-10-24T10:07:57+00:00\"><i class=\"fa fa-calendar-o\" aria-hidden=\"true\"><\/i> 24 pa\u017adziernika, 2022<\/time>\n\t\t\t\t\t<h2 class=\"latest-news__title\"><a href=\"https:\/\/www.wegieleko.pl\/index.php\/2022\/10\/24\/parametry-cop-scop-spf-co-oznaczaja-i-na-co-zwrocic-uwage\/\">Parametry COP, SCOP, SPF - co oznaczaj\u0105 i na co zwr\u00f3ci\u0107 uwag\u0119?<\/a><\/h2>\n\t\t\t\t\t\t\t\t\t<\/div>\n\t\t\t<\/div>\n\t\t\t\n<\/div><\/div><div id=\"pgc-1025-5-1\"  class=\"panel-grid-cell\" ><div id=\"panel-1025-5-1-0\" class=\"so-panel widget widget_pw_latest_news widget-latest-news panel-first-child panel-last-child\" data-index=\"9\" >\n\t\t\t\t\t\t<div class=\"latest-news  latest-news--block\">\n\t\t\t\t\t\t\t\t\t<a href=\"https:\/\/www.wegieleko.pl\/index.php\/2022\/10\/24\/omowienie-sposobow-sterowania-pompa-ciepla\/\" class=\"latest-news__image-link\">\n\t\t\t\t\t\t<img loading=\"lazy\" decoding=\"async\" src=\"https:\/\/www.wegieleko.pl\/wp-content\/uploads\/2022\/10\/moc-pompy-ciepla-245x139.jpg\" width=\"245\" height=\"139\" srcset=\"https:\/\/www.wegieleko.pl\/wp-content\/uploads\/2022\/10\/moc-pompy-ciepla-245x139.jpg 245w, https:\/\/www.wegieleko.pl\/wp-content\/uploads\/2022\/10\/moc-pompy-ciepla.jpg 1000w\" sizes=\"auto, (min-width: 1200px) 245px, (min-width: 992px) 200px, (min-width: 768px) 690px, (min-width: 576px) 510px, calc(100vw - 30px)\" class=\"latest-news__image  wp-post-image\" alt=\"Om\u00f3wienie sposob\u00f3w sterowania pomp\u0105 ciep\u0142a\">\n\t\t\t\t\t<\/a>\n\t\t\t\t\n\t\t\t\t<div class=\"latest-news__content\">\n\t\t\t\t\t<time class=\"latest-news__date\" datetime=\"2022-10-24T09:32:38+00:00\"><i class=\"fa fa-calendar-o\" aria-hidden=\"true\"><\/i> 24 pa\u017adziernika, 2022<\/time>\n\t\t\t\t\t<h2 class=\"latest-news__title\"><a href=\"https:\/\/www.wegieleko.pl\/index.php\/2022\/10\/24\/omowienie-sposobow-sterowania-pompa-ciepla\/\">Om\u00f3wienie sposob\u00f3w sterowania pomp\u0105 ciep\u0142a<\/a><\/h2>\n\t\t\t\t\t\t\t\t\t<\/div>\n\t\t\t<\/div>\n\t\t\t\n<\/div><\/div><\/div><\/div>","protected":false},"excerpt":{"rendered":"<p>Gwarantowana najwy\u017csza jako\u015b\u0107 Produkuj\u0105c kot\u0142y oraz pompy ciep\u0142a wykorzystujemy najlepsze materia\u0142y oraz nowoczesne technologie. Zr\u00f3\u017cnicowana oferta Chc\u0105c sprosta\u0107 oczekiwaniom Klient\u00f3w zadbali\u015bmy o bogaty asortyment produkt\u00f3w, dopasowany do r\u00f3\u017cnorodnych wymaga\u0144. Kompleksowe doradztwo Wszystkim osob\u0105 zainteresowanym nasz\u0105 ofert\u0105 s\u0142u\u017cymy fachowym doradztwem w kwestii doboru optymalnych rozwi\u0105za\u0144. Profesjonalny serwis Naszym Klientom zapewniamy tak\u017ce profesjonalne us\u0142ugi serwisowe w zakresie &hellip;<\/p>\n","protected":false},"author":1,"featured_media":0,"parent":0,"menu_order":0,"comment_status":"closed","ping_status":"closed","template":"template-front-page-slider.php","meta":{"footnotes":""},"class_list":{"0":"post-1025","1":"page","2":"type-page","3":"status-publish","5":"clearfix","6":"article"},"aioseo_notices":[],"_links":{"self":[{"href":"https:\/\/www.wegieleko.pl\/index.php\/wp-json\/wp\/v2\/pages\/1025","targetHints":{"allow":["GET"]}}],"collection":[{"href":"https:\/\/www.wegieleko.pl\/index.php\/wp-json\/wp\/v2\/pages"}],"about":[{"href":"https:\/\/www.wegieleko.pl\/index.php\/wp-json\/wp\/v2\/types\/page"}],"author":[{"embeddable":true,"href":"https:\/\/www.wegieleko.pl\/index.php\/wp-json\/wp\/v2\/users\/1"}],"replies":[{"embeddable":true,"href":"https:\/\/www.wegieleko.pl\/index.php\/wp-json\/wp\/v2\/comments?post=1025"}],"version-history":[{"count":98,"href":"https:\/\/www.wegieleko.pl\/index.php\/wp-json\/wp\/v2\/pages\/1025\/revisions"}],"predecessor-version":[{"id":1274,"href":"https:\/\/www.wegieleko.pl\/index.php\/wp-json\/wp\/v2\/pages\/1025\/revisions\/1274"}],"wp:attachment":[{"href":"https:\/\/www.wegieleko.pl\/index.php\/wp-json\/wp\/v2\/media?parent=1025"}],"curies":[{"name":"wp","href":"https:\/\/api.w.org\/{rel}","templated":true}]}}